) + (7 - 1).
4
What is the value of -8 + 4 - -2 - 0?
-2
What is -4 + (-6 - (2 - (1 - -6)))?
-5
What is 41 + -37 + (6 - 2) - 15?
-7
What is 2 + -1 + (5 - 9) + 2?
-1
What is (0 - -7) + (23 - 26)?
4
What is the value of (-1 - 3) + 17 + -1 + -6?
6
6 + -2 + (7 - 2) + -6
3
-3 - (-2 - (11 + -8))
2
(7 - 15) + 4 + 3
-1
Evaluate (-1 + 7 - 3) + (5 - 5).
3
Calculate 9 + -11 + 0 + 4 + -3.
-1
(3 - (1 + 0)) + -4
-2
What is 2 + 1 + 0 + (0 - -1)?
4
What is the value of (0 - -4) + (-1 - -2)?
5
Evaluate (-6 - -2) + (6 - 6 - -7).
3
What is (8 + -4 - 7) + -1?
-4
Calculate -5 - (7 - 14 - (0 - 1)).
1
Evaluate 6 - 2 - 8 - 1.
-5
Evaluate 1 - (-4 - (-8 + 3)).
0
7 + (-5 + 12 + -7 - 4)
3
What is the value of (-1 - -3) + 4 - 3?
3
Calculate (3 - -2) + -8 + 1.
-2
Evaluate -2 + (3 - (1 - 1)).
1
Evaluate -2 + -1 + (22 - 23) + 2.
-2
Evaluate 6 + -8 + 18 + -24.
-8
-10 + 0 + 10 + -8
-8
What is the value of -6 + -17 + (-23 - -35)?
-11
What is the value of -5 - (4 - (3 + 6)) - -5?
5
What is 8 - -4 - 5 - 3?
4
Evaluate -5 - (1 + 0 - 10).
4
What is the value of 6 + -6 + (2 - 0)?
2
Calculate -6 + -2 + -12 + 20.
0
Calculate 8 + -4 - (1 + 3).
0
What is -5 - (-2 - -3 - 7)?
1
What is the value of -4 + (1 - 2) + -1 + 3?
-3
Calculate -11 + (-2 - (-4 - 2)).
-7
-2 + (1 - 4 - -5)
0
What is 10 - (5 + 1 + -2)?
6
What is -2 + -2 - (-3 - (3 - 6))?
-4
Calculate 7 + (-22 - -8) - -8.
1
Calculate -1 - (-6 + -9 + 14).
0
Calculate 1 + -2 + 1 - (-3 - -2).
1
Evaluate -6 - (-15 - -13 - (0 - 0)).
-4
-1 + (0 - (-1 - -1 - 3))
2
What is the value of (-8 - (-1 - -2)) + 7?
-2
What is 5 - 10 - -4 - 1 - -4?
2
What is 3 + -21 + (8 - 3) + 6?
-7
What is the value of 4 - (4 - (-1 - -2 - -3))?
4
Calculate 6 + -3 + -1 + -6.
-4
What is the value of 6 - ((4 - 13) + 1 - -7)?
7
What is -2 - ((-3 - 0) + 0)?
1
Evaluate 1 + (-7 - -8) + 2 + -6.
-2
Evaluate 7 + (-8 - -7 - 1).
5
What is -1 + 0 - (20 - 29)?
8
What is -3 - (-1 + 5 + -3)?
-4
11 + -3 - (1 - 4 - -8)
3
Calculate 7 - (10 + 0 + -5).
2
What is the value of -8 - (11 + -5 + -14)?
0
Calculate 8 + -17 + (5 - -3).
-1
Evaluate 1 + -2 + -7 + 3.
-5
What is the value of 0 + -2 + -5 + -27 + 28?
-6
What is the value of 2 + (1 - 2) - (-16 - -15)?
2
What is -5 + (11 - (5 + 2 - 1))?
0
What is the value of -1 - -4 - (3 - 11 - -9)?
2
(-3 + 0 - (-2 + 1)) + -1
-3
Evaluate (-6 - -2) + -16 + 4 + 10.
-6
What is (-1 - (0 - 2)) + 84 + -83?
2
Evaluate 9 - (3 + (6 - 5)).
5
Calculate 6 - (1 + -1 + 1).
5
Calculate 4 + (-10 - -6) + -5.
-5
What is the value of 6 + (-1 - (20 - 8)) - -13?
6
What is the value of -6 + (2 - -13) + -10?
-1
Calculate 0 + -8 + (-1 - -5).
-4
Calculate 6 - (-8 + (8 - -8) - 8).
6
-13 - (-3 - (-6 - -7))
-9
What is (0 - 5) + -1 + 1?
-5
Calculate -2 - (0 + (1 - -3)).
-6
Evaluate -5 + (11 + -4 - 7 - 1).
-6
What is the value of 2 + (-1 - -4) - (5 + -2)?
2
What is 0 - (11 - 9) - -1?
-1
Calculate -6 + 1 + -4 + 2 + 6.
-1
Calculate -8 + -5 + 11 + -6 + 0.
-8
What is the value of (112 - 107) + 0 + -2 + -2?
1
Evaluate (-8 - 0) + (-42 - -47).
-3
Evaluate 11 - (29 - 11) - -13.
6
-27 - -25 - (-8 + 1)
5
Calculate (1 - -3) + (-6 - (-9 - 1)).
8
Evaluate 3 + (2 - ((-4 - -4) + 2)).
3
Calculate 5 + 1 + -13 + 6.
-1
-1 - (2 + 0 + 1 + -8)
4
Calculate (1 - 1) + 0 + (-21 - -24).
3
-3 + (-3 + 7 - -1) + 3
5
Evaluate -3 + (-4 - (-8 + -1)) - -2.
4
What is the value of 38 + -24 + -2 + -11?
1
What is (-7 - -9) + (-3 - 1) + 0?
-2
What is the value of -4 + (1 - -3) - -5?
5
(10 - 5 - 11) + -1 + -3
-10
-2 + 4 + -4 + 2
0
Evaluate 2 + -6 - (-5 - -2).
-1
Evaluate -1 - (11 + -14 - (0 - 0)).
2
What is the value of 3 - (-3 + 1 - (-6 - -9))?
8
9 - (-2 + 3) - 3
5
5 + (3 - 7) - (0 + -2)
3
-4 - -12 - (10 - (3 + 2))
3
Calculate 15 - (10 - -8 - 6).
3
Evaluate -2 + -1 + 2 + -2.
-3
Calculate 32 + -33 - (-1 - 9).
9
Evaluate 3 + -1 - (-3 + 6) - -5.
4
What is -6 + -14 + 7 + -2 + 9?
-6
What is -8 - -3 - (0 - 10)?
5
What is the value of -2 + 11 + -4 - 7?
-2
What is the value of 0 + (-9 - 0) + 7?
-2
What is -56 - -46 - (-1 - 3)?
-6
-5 + 4 - 0 - 4
-5
0 + 1 + -2 + 1 + -2
-2
Evaluate -3 - -5 - (3 + 2 - 0).
-3
What is the value of -12 + 7 - (-4 + 4)?
-5
Calculate 3 + -1 + (-5 - -2).
-1
What is 2 + -4 + -4 + 4?
-2
Calculate 6 + -5 + (-3 - 2).
-4
Calculate 19 + (-16 - -5) - (1 + 0).
7
Calculate 2 - (-1 - (-9 + 5)).
-1
Calculate 5 + (4 - (-5 + 15 + -4)).
3
Calculate 1 - (8 - 3) - -2.
-2
What is the value of 0 + -12 - (-5 + -3)?
-4
What is -6 + 5 + -10 - -11?
0
-5 + (-2 - -3) + 6
2
What is 2 - (-2 - (0 - 0))?
4
What is 0 + (0 - (3 - 1))?
-2
Evaluate 31 + -34 - (2 - (12 - 1)).
6
Evaluate 0 + -4 - 6 - -18.
8
21 + -24 - (-1 + -1 + 1)
-2
What is the value of 1 - ((-1 - 4) + (-1 - -7))?
0
What is -4 + (0 - 2 - -2)?
-4
Calculate -4 + -1 + 1 + 1 - 0.
-3
Evaluate 1 + 0 - (-1 - -3 - 5).
4
Calculate 4 - (3 + -6 + 2).
5
Calculate (-5 + 8 - 1) + 5.
7
Calculate -3 + 8 + 0 + 13 + -17.
1
(-1 - 0) + (4 - 1)
2
What is 5 - ((-11 - -3) + 14)?
-1
What is 5 - 0 - (8 - (-9 + 9))?
-3
What is 1 + -6 + 5 + 0 + 0?
0
Evaluate (3 - 4) + 3 - -3.
5
What is 7 + -13 - (3 + -15)?
6
What is the value of -1 + 2 + -2 - 2?
-3
0 + -4 + 5 - (2 + 1)
-2
Calculate -111 - -128 - (0 + 10).
7
(12 - 19) + 11 + 2 - 3
3
What is -30 + 37 - (4 + -1 + -4)?
8
What is -1 + (9 - 2 - (-1 + 4))?
3
Calculate (-32 - -39) + 0 + -10 + 6.
3
-1 - (4 + -2) - -5
2
Calculate (0 + 6 - 3) + 1 + -2.
2
What is the value of -4 + 0 - (15 - -5 - 19)?
-5
2 + -2 - (0 - 0)
0
What is the value of (9 + (1 - 3) - 1) + -2?
4
Calculate (-7 + 15 - 0) + -13.
-5
What is the value of -1 - 1 - (1 + (-8 - -7))?
-2
Calculate (5 + -5 - -10) + -7.
3
Calculate (7 - -2) + (0 - 4).
5
What is the value of -1 - (-3 + 8 - 0 - 2)?
-4
What is the value of -3 - (-6 + 2) - -2?
3
What is (1 - 1) + -22 + 31?
9
What is (-5 - -1) + -2 + 8?
2
Calculate -15 + (-11 - -19) - -3.
-4
What is -5 - 0 - (-32 - -32)?
-5
What is 2 - ((-4 - -6) + (-13 - -5))?
8
Calculate (-4 - 0) + -1 - 0.
-5
What is (35 - 34) + (-4 - -2)?
-1
7 - (0 + (10 - (8 + -4)))
1
What is the value of -2 - (-23 + 29 + -4 + -1)?
-3
Calculate -3 + (4 - (-1 - 5 - -5)).
2
Evaluate 4 + (-5 - -8) + -1 + -13.
-7
Evaluate -5 - -1 - (-21 + 8).
9
(-6 - -3) + 2 - 1
-2
What is the value of 1 - 3 - -1 - (10 - 6)?
-5
What is 6 + (1 - (-12 - -21))?
-2
Calculate 1 + -9 + -35 + 39.
-4
What is -6 - (-6 - (1 + 0))?
1
What is the value of -3 + (12 - 3) - (17 + -13)?
2
What is -2 - (-4 + -6 + 4 + 8)?
-4
Evaluate -3 + 7 - 2 - (5 + 0).
-3
-13 + 10 - (-1 + 1)
-3
What is 9 + -1 + 9 + -13?
4
What is -3 + 7 + -5 + 1?
0
Evaluate 2 + -1 + 0 + 1.
2
Calculate (2 - 3 - 10) + 13.
2
Calculate 13 + 1 + 4 + -8.
10
16 + -14 + 11 - 2
11
What is -9 + (-4 - (0 + -7))?
-6
What is the value of (7 - 0) + (-1 - 3) + 0?
3
Evaluate -8 + (0 - 1 - -4).
-5
-4 - (-4 - (8 + -4))
4
What is 21 + -25 + 8 + 6 + -1?
9
Calculate 0 + -6 + 4 - (-3 + 3).
-2
Evaluate 5 + 5 - 9 - (1 + 4).
-4
Evaluate (1 + 0 - 6) + (2 - 1).
-4
-2 - (-3 - -2 - 2 - -3)
-2
(-8 - -16 - 7) + 3
4
5 - (-2 + 10) - (2 - 0)
-5
Calculate 8 - (-2 + (4 - -5)).
1
Calculate 6 + (-8 - -4 - -3).
5
Evaluate (-9 - -6) + 0 - -8.
5
Evaluate -4 + 13 + 1 + -5.
5
10 - (10 - (-3 + 3 + 5))
5
3 - (1 - (-2 - -3))
3
What is the value of (-5 - -2) + -1 + -1?
-5
What is -14 - ((7 - 12) + -15)?
6
-6 + (-3 - 1 - 0) + 6
-4
2 + -6 + (1 - (3 + -6))
0
Evaluate -10 + (3 - (-5 - 7)).
5
Evaluate -19 - -16 - (-5 + -1).
3
3 + -1 + (-9 - -3)
-4
(-14 - (-12 + 10)) + 12
0
Evaluate 8 + -2 + -1 + (1 - 1).
5
-4 + (-1 + 3 - (2 + 1))
-5
3 - (0 - (-1 + -3 - -3))
2
What is the value of 2 - (8 + -22) - 11?
5
Evaluate (0 + -4 - (1 - 7)) + -4.
-2
What is the value of -7 + 4 - (-3 - 2)?
2
(7 - 9) + (-2 - -1) + 4
1
What is (-8 - -6 - -6) + 0 + 0?
4
(6 - -1) + -3 + 1
5
What is the value of 4 - (-2 + 5 + 5)?
-4
Calculate -2 + 0 + -7 + 5.
-4
-3 + 2 + (-3 - -1)
-3
Evaluate 0 - 1 - (-1 - (-5 - -3)).
-2
Calculate (16 - 13 - -4) + 0 + -4.
3
What is the value of 14 + -11 - (4 - 9)?
8
Calculate 1 - (10 - (0 - -10)).
1
What is (-10 - -6 - 3) + 2 - -10?
5
-8 - (-5 - 0) - -9
6
What is the value of -2 - (-3 + 0 + -1 - -2)?
0
What is the value of -6 - (-8 + (9 - 6)) - 4?
-5
Evaluate 4 + 3 + -1 - (2 - 0).
4
Evaluate (6 - 13) + 10 + -1.
2
3 + (9 + -14 - -9)
7
(-6 - -8) + -5 - (0 - -3)
-6
Calculate 0 + 2 + -8 + 4.
-2
What is the value of 3 + 4 + 4 + -6?
5
What is the value of -12 - (-5 + -1) - -12?
6
What is 6 - (2 - 0) - 1?
3